est common divisor of 2155 and 10?
5
Calculate the greatest common factor of 72 and 1044.
36
Calculate the highest common factor of 45288 and 144.
72
What is the highest common divisor of 204 and 459?
51
Calculate the greatest common factor of 252 and 2484.
36
Calculate the highest common divisor of 3728 and 16.
16
What is the highest common factor of 312 and 16?
8
What is the highest common factor of 7170 and 150?
30
Calculate the highest common factor of 276 and 621.
69
What is the highest common factor of 4818 and 1095?
219
Calculate the greatest common factor of 43 and 4343.
43
What is the highest common divisor of 366 and 24?
6
What is the highest common divisor of 380 and 13490?
190
Calculate the highest common factor of 512 and 4384.
32
What is the greatest common divisor of 128 and 216?
8
What is the highest common divisor of 136 and 16558?
34
What is the highest common divisor of 130 and 104?
26
What is the greatest common divisor of 26 and 663?
13
Calculate the highest common divisor of 4768 and 64.
32
Calculate the greatest common factor of 41 and 533.
41
What is the greatest common factor of 16 and 568?
8
Calculate the highest common divisor of 299 and 5129.
23
What is the greatest common divisor of 10 and 2690?
10
What is the greatest common divisor of 310 and 10?
10
Calculate the greatest common factor of 153 and 9.
9
What is the highest common divisor of 243 and 405?
81
Calculate the greatest common divisor of 12 and 8.
4
What is the highest common factor of 2175 and 87?
87
Calculate the highest common divisor of 8234 and 46.
46
What is the greatest common factor of 4 and 212?
4
Calculate the highest common factor of 77 and 121.
11
What is the highest common factor of 75 and 250?
25
Calculate the highest common factor of 240 and 320.
80
Calculate the greatest common divisor of 60 and 3264.
12
What is the highest common factor of 405 and 2220?
15
What is the highest common factor of 62 and 39742?
62
What is the greatest common factor of 8 and 232?
8
What is the greatest common factor of 128 and 1664?
128
What is the greatest common divisor of 58799 and 13?
13
What is the highest common divisor of 5341 and 49?
49
Calculate the greatest common divisor of 128 and 2.
2
What is the greatest common divisor of 39 and 26?
13
Calculate the greatest common divisor of 14 and 56.
14
What is the greatest common factor of 949 and 13?
13
What is the greatest common factor of 16 and 784?
16
What is the greatest common factor of 11 and 319?
11
What is the highest common divisor of 1134 and 210?
42
Calculate the highest common divisor of 3 and 96.
3
What is the greatest common factor of 2013 and 366?
183
Calculate the highest common factor of 606 and 24.
6
Calculate the greatest common divisor of 65591 and 107.
107
What is the greatest common factor of 15 and 20?
5
Calculate the greatest common divisor of 240 and 1320.
120
What is the highest common divisor of 81 and 351?
27
What is the greatest common divisor of 69 and 1357?
23
Calculate the highest common factor of 2686 and 6.
2
What is the highest common divisor of 477 and 106?
53
Calculate the greatest common divisor of 13552 and 22.
22
What is the greatest common divisor of 2262 and 26?
26
What is the highest common factor of 3 and 939?
3
Calculate the greatest common divisor of 280 and 812.
28
What is the greatest common divisor of 224 and 1358?
14
Calculate the highest common divisor of 76 and 88.
4
Calculate the greatest common divisor of 252 and 324.
36
What is the highest common factor of 2 and 26?
2
Calculate the highest common factor of 1332 and 324.
36
What is the greatest common divisor of 7 and 3?
1
What is the greatest common divisor of 237 and 3?
3
What is the highest common divisor of 23 and 207?
23
Calculate the highest common divisor of 5316 and 12.
12
What is the highest common divisor of 219 and 292?
73
What is the highest common factor of 69 and 23?
23
Calculate the highest common factor of 968 and 136.
8
What is the greatest common divisor of 12 and 672?
12
Calculate the highest common factor of 91 and 39.
13
What is the highest common factor of 1544 and 24?
8
Calculate the greatest common divisor of 4818 and 21.
3
What is the highest common divisor of 136 and 16?
8
Calculate the greatest common factor of 4 and 916.
4
What is the greatest common factor of 228 and 8094?
114
What is the greatest common divisor of 47 and 329?
47
What is the highest common divisor of 736 and 828?
92
Calculate the greatest common divisor of 520 and 65.
65
What is the greatest common factor of 728 and 84?
28
Calculate the greatest common divisor of 43 and 2.
1
What is the highest common factor of 29 and 31552?
29
What is the highest common factor of 26 and 1417?
13
Calculate the highest common factor of 65 and 351.
13
Calculate the highest common divisor of 10553 and 122.
61
Calculate the greatest common divisor of 1337 and 4966.
191
What is the highest common factor of 763 and 1962?
109
Calculate the greatest common factor of 308 and 1400.
28
What is the greatest common divisor of 990 and 2610?
90
Calculate the greatest common factor of 21 and 14.
7
Calculate the highest common factor of 351 and 81.
27
What is the highest common factor of 8 and 472?
8
Calculate the highest common factor of 3526 and 172.
86
Calculate the greatest common divisor of 174 and 10005.
87
What is the greatest common factor of 552 and 120?
24
Calculate the highest common divisor of 80 and 40.
40
Calculate the greatest common divisor of 418 and 352.
22
What is the greatest common divisor of 48 and 102?
6
Calculate the highest common factor of 10 and 50.
10
Calculate the greatest common factor of 20344 and 8.
8
What is the highest common factor of 66 and 638?
22
What is the greatest common divisor of 150 and 70?
10
Calculate the greatest common factor of 52 and 356.
4
Calculate the greatest common divisor of 12 and 1536.
12
Calculate the greatest common divisor of 258 and 840.
6
Calculate the highest common factor of 1300 and 400.
100
What is the greatest common factor of 2920 and 80?
40
What is the greatest common factor of 10 and 170?
10
What is the greatest common factor of 7463 and 34?
17
What is the greatest common factor of 603 and 18?
9
Calculate the greatest common divisor of 6 and 81.
3
What is the highest common factor of 122 and 1952?
122
What is the highest common factor of 126 and 189?
63
Calculate the greatest common factor of 11 and 935.
11
Calculate the highest common divisor of 432 and 5076.
108
What is the greatest common factor of 255 and 306?
51
Calculate the highest common factor of 1881 and 9.
9
Calculate the highest common divisor of 270 and 8.
2
Calculate the highest common divisor of 32 and 4528.
16
Calculate the highest common divisor of 54 and 3078.
54
Calculate the highest common factor of 1632 and 32.
32
What is the highest common divisor of 177 and 8614?
59
Calculate the greatest common factor of 7102 and 106.
106
What is the greatest common factor of 1606 and 22?
22
What is the greatest common factor of 55 and 56045?
55
Calculate the greatest common factor of 69 and 12420.
69
What is the greatest common factor of 2607 and 1422?
237
Calculate the greatest common factor of 598 and 138.
46
Calculate the greatest common factor of 341 and 242.
11
Calculate the highest common divisor of 1729 and 133.
133
Calculate the greatest common factor of 94816 and 32.
32
What is the highest common divisor of 700 and 2700?
100
Calculate the highest common factor of 48 and 464.
16
What is the greatest common factor of 36 and 81?
9
What is the highest common factor of 20 and 1636?
4
What is the highest common divisor of 78 and 26325?
39
Calculate the greatest common factor of 384 and 416.
32
What is the highest common divisor of 3431 and 73?
73
Calculate the highest common factor of 79436 and 28.
28
What is the highest common factor of 39 and 143?
13
What is the highest common divisor of 3 and 15?
3
Calculate the greatest common divisor of 1616 and 1919.
101
Calculate the highest common factor of 8687 and 119.
119
Calculate the highest common factor of 168 and 357.
21
Calculate the greatest common divisor of 28 and 336.
28
Calculate the greatest common factor of 123 and 75.
3
Calculate the highest common fa